s 11807743 a composite number?
False
Is 973813 prime?
True
Is 715222 composite?
True
Is 9957229 composite?
True
Is 8927189 a prime number?
False
Is 130445867 composite?
False
Is 3506663 a prime number?
True
Is 470251777 composite?
False
Is 15625781 composite?
False
Is 334813 prime?
False
Is 9128003 a composite number?
False
Is 32512427 a prime number?
True
Is 63193 composite?
True
Is 7187959 a prime number?
False
Is 4555594 composite?
True
Is 28600287 a prime number?
False
Is 59122901 a prime number?
False
Is 6209791 prime?
False
Is 2352117 composite?
True
Is 1396649 prime?
False
Is 4923383 composite?
False
Is 15798459 composite?
True
Is 100795217 prime?
True
Is 15289453 composite?
True
Is 4461955 a composite number?
True
Is 384755141 prime?
False
Is 199816423 a composite number?
False
Is 8435333 a prime number?
True
Is 529008973 a composite number?
True
Is 2035799 prime?
False
Is 464006 composite?
True
Is 278783957 a prime number?
True
Is 5881969 prime?
True
Is 166073489 prime?
True
Is 13650617 a prime number?
True
Is 7802043 prime?
False
Is 1105591 prime?
False
Is 2941921 composite?
False
Is 684771 a prime number?
False
Is 6508699 composite?
False
Is 107881 prime?
True
Is 2612033 a prime number?
False
Is 139148573 a prime number?
True
Is 1796371 a prime number?
False
Is 179968331 a prime number?
True
Is 12176899 prime?
False
Is 358027 a composite number?
True
Is 193169549 prime?
False
Is 21391 composite?
False
Is 205452161 composite?
False
Is 44382251 composite?
False
Is 70034851 a prime number?
False
Is 13244981 prime?
True
Is 305560077 a prime number?
False
Is 302744807 prime?
True
Is 108017537 prime?
True
Is 3553049 composite?
False
Is 822949 a prime number?
True
Is 3562901 a composite number?
False
Is 38655371 composite?
True
Is 8143777 a composite number?
True
Is 22766771 a composite number?
True
Is 1689025295 a composite number?
True
Is 1576229 prime?
True
Is 1716823 prime?
False
Is 12979453 a composite number?
False
Is 20369137 a prime number?
True
Is 10630717 a composite number?
False
Is 302145253 prime?
False
Is 3827419 composite?
False
Is 932424089 prime?
True
Is 9796741 a prime number?
False
Is 14092499 composite?
False
Is 440281 a composite number?
False
Is 1226417 prime?
True
Is 13638857 composite?
True
Is 20510185 a composite number?
True
Is 28198589 composite?
False
Is 6504181 prime?
True
Is 28687697 a composite number?
False
Is 8818897 a prime number?
True
Is 1401071 prime?
False
Is 154076693 a composite number?
False
Is 2111207 a prime number?
False
Is 40775431 a composite number?
True
Is 12182753 composite?
True
Is 3569633 a prime number?
True
Is 8815489 a prime number?
True
Is 17929507 a composite number?
True
Is 32699243 a composite number?
False
Is 8827439 prime?
False
Is 21705979 a prime number?
False
Is 126573761 composite?
True
Is 5595389 a prime number?
True
Is 621836321 prime?
True
Is 2619145 a prime number?
False
Is 165028807 composite?
False
Is 686791981 a composite number?
True
Is 35597 a composite number?
False
Is 298651051 a composite number?
True
Is 5232497 composite?
False
Is 6197999 prime?
True
Is 390163999 composite?
True
Is 95394919 a prime number?
True
Is 94916501 a composite number?
False
Is 215611609 a composite number?
True
Is 38920373 prime?
True
Is 6860419 composite?
False
Is 5663011 composite?
False
Is 14922121 prime?
True
Is 26904347 prime?
True
Is 169042298 prime?
False
Is 750784591 composite?
True
Is 444377603 prime?
False
Is 1145843 composite?
False
Is 1048759 composite?
False
Is 824179 a prime number?
True
Is 67178365 composite?
True
Is 2060203 a prime number?
True
Is 7302863 prime?
False
Is 192532181 prime?
True
Is 26744771 a prime number?
True
Is 30948443 a prime number?
True
Is 13868303 a composite number?
True
Is 421716361 prime?
False
Is 222187883 composite?
False
Is 19344957 a composite number?
True
Is 25041353 composite?
False
Is 445369 prime?
False
Is 156526031 composite?
False
Is 524323 a composite number?
True
Is 51163807 a prime number?
False
Is 920921 a prime number?
True
Is 755423 a prime number?
False
Is 5157197 prime?
True
Is 6427923 composite?
True
Is 3739697 a composite number?
True
Is 385545299 composite?
False
Is 485873 a prime number?
False
Is 213272953 a composite number?
False
Is 88401007 composite?
True
Is 553573981 a prime number?
True
Is 22558051 composite?
False
Is 178253683 composite?
False
Is 14642305 composite?
True
Is 1770949 a composite number?
False
Is 94732413 a prime number?
False
Is 527465933 prime?
False
Is 5755277 composite?
True
Is 989534669 composite?
False
Is 32588597 composite?
False
Is 7110329 prime?
True
Is 9483819 a prime number?
False
Is 142171 composite?
True
Is 400307449 a composite number?
True
Is 5423473 a composite number?
True
Is 8745493 composite?
False
Is 289551413 composite?
False
Is 3725281 prime?
False
Is 12269305 a prime number?
False
Is 987163 a prime number?
False
Is 43150757 a composite number?
True
Is 3835969 prime?
True
Is 7308221 a prime number?
True
Is 144642499 a prime number?
False
Is 7399697 composite?
False
Is 21287009 composite?
True
Is 69233 a prime number?
True
Is 4970161 a composite number?
True
Is 229247423 composite?
False
Is 4000243 a prime number?
False
Is 235091 composite?
False
Is 3692033 prime?
False
Is 21743819 composite?
True
Is 1357753 a composite number?
False
Is 8465177 a composite number?
True
Is 6339269 a composite number?
False
Is 1418705 a composite number?
True
Is 142658017 a prime number?
True
Is 2218477 a prime number?
False
Is 27230341 a prime number?
False
Is 76723877 a composite number?
False
Is 5737997 prime?
False
Is 254580421 a prime number?
False
Is 1499677 a prime number?
False
Is 85727323 a composite number?
True
Is 1928477 prime?
False
Is 547719359 a prime number?
False
Is 8342219 a prime number?
True
Is 4558733 a prime number?
False
Is 398271311 composite?
True
Is 557476147 composite?
False
Is 138052885 a prime number?
False
Is 31848961 prime?
True
Is 3846561 a composite number?
True
Is 3382121 prime?
False
Is 3456703 prime?
True
Is 691631 prime?
True
Is 5044562 a prime number?
False
Is 20634067 a prime number?
True
Is 477441373 a composite number?
False
Is 17609923 a prime number?
True
Is 777011713 prime?
True
Is 12130655 a composite number?
True
Is 3657503 a composite number?
True
Is 720108059 prime?
False
Is 30380591 composite?
True
Is 31106219 prime?
True
Is 68497297 a composite number?
True
Is 921227 prime?
False
Is 32801191 prime?
True
Is 316799647 prime?
True
Is 882823 a prime number?
True
Is 4539791 prime?
True
Is 7465967 a composite number?
True
Is 200544171 a composite number?
True
Is 1374466 a composite number?
True
Is 107421811 a composite number?
True
Is 46855733 a composite number?
False
Is 627954909 prime?
False
Is 36527677 composite?
False
Is 3203857 a prime number?
True
Is 3576739 a prime number?
False
Is 29661917 a composite number?
False
Is 3802471 a prime number?
True
Is 10123769 a composite number?
False
Is 21608227 prime?
True
Is 90081721 prime?
True
Is 641959 a composite number?
False
Is 334487 a composite number?
False
Is 2007907 prime?
False
Is 126901691 composite?
True
Is 79270241 a prime number?
False
Is 52631339 composite?
False
Is 1368791 prime?
True
Is 65976289 composite?
False
Is 192225757 composite?
False
Is 70223045 a composite number?
True
Is 24706217 a composite number?
True
Is 58474915 a composite number?
True
Is 8552393 a prime number?
False
Is 27602749 a prime number?
False
Is 1815599 a prime number?
True
Is 4918259 prime?
True
Is 2309983 composite?
True
Is 195082465 a composite number?
True
Is 19374317 a prime number?
True
Is 8965009 a composite number?
True
Is 24946931 composite?
True
Is 20284841 a prime number?
True
Is 63477017 composite?
False
Is 18444707 a composite number?
False
Is 37243357 a prime number?
False
Is 287618137 a composite number?
True
Is 5551633 composite?
False
Is 929473 a prime number?
False
Is 39158909 prime?
True
Is 6831061 a prime number?
True
Is 938933 prime?
False
Is 717343633 composite?
False
Is 75586177 a composite number?
True
Is 364979 composite?
False
Is 21314989 composite?
True
Is 101034487 composite?
True
Is 89629997 prime?
False
Is 2194243 prime?
True
Is 218629813 a prime number?
True
Is 21176959 a prime number?
True